) = -13*j**2 + 182*j + 425. Determine i(16).
9
Let d(g) = -g**3 + 44*g**2 - 964*g + 51936. Calculate d(47).
1
Let j(q) = 15*q**2 - 337*q + 32. Give j(23).
216
Let k(z) = 658*z + 1329. Determine k(-6).
-2619
Let r(u) = 8665*u - 43073. Determine r(5).
252
Let n(o) = 2*o**2 + 470*o - 22646. What is n(-276)?
-14
Let s(u) = u**2 - 844*u - 122367. Determine s(-126).
-147
Let f(g) = 76*g**2 - 322*g + 47. Give f(6).
851
Let h(y) = 2*y**2 + 133*y - 3350. Calculate h(-86).
4
Let d(z) = 4*z**3 - 1271*z**2 + 437*z - 240099. Give d(318).
-9
Let k(c) = -420*c + 345241. Calculate k(822).
1
Let i(a) = 4*a**3 + 102*a**2 - 27*a + 307. What is i(-25)?
2232
Let y(t) = 4*t**2 + 652*t + 1785. Give y(-160).
-135
Let o(a) = 78*a**3 - 4057*a**2 + 40*a + 627. What is o(52)?
3
Let l(h) = -2015*h + 30421. Give l(15).
196
Let y(n) = -39*n**2 - 3689*n + 632. Determine y(-95).
-888
Let x(k) = -k**2 + 782*k - 119034. What is x(575)?
-9
Let k(w) = 3*w**2 + 306*w - 18688. Give k(43).
17
Let r(z) = 136*z**2 + 24347*z + 604. Give r(-179).
67
Let l(n) = -52608*n + 10521584. Determine l(200).
-16
Let j(s) = 2*s**2 + 305*s + 5841. What is j(-131)?
208
Let b(u) = 355633*u - 2489475. Give b(7).
-44
Let n(a) = -61*a**2 + 8711*a + 131. Determine n(143).
-1585
Let w(s) = 71*s**3 + 2273*s**2 + 30*s - 48. What is w(-32)?
16
Let b(x) = x**3 - 157*x**2 - 600*x + 141041. Give b(155).
-9
Let s(g) = 6*g**3 + 107*g**2 + 94*g + 40. Calculate s(-17).
-113
Let a(h) = -214681*h + 10090011. Calculate a(47).
4
Let p(o) = 2*o**2 - 56*o - 3446. Calculate p(-30).
34
Let t(y) = 3*y**3 + 8*y**2 + 30730*y + 92204. Calculate t(-3).
5
Let k(h) = h**3 + 40*h**2 + 348*h + 2. Calculate k(-27).
83
Let j(b) = -1923*b - 7698. What is j(-4)?
-6
Let g(x) = -15439*x - 15438. What is g(-1)?
1
Let z(i) = i**3 + 31*i**2 + 54*i - 216. Calculate z(-29).
-100
Let i(a) = -32*a**3 + 1472*a**2 - 2*a - 29. What is i(46)?
-121
Let b(d) = d**2 - 90*d + 452. What is b(5)?
27
Let k(t) = -3628*t - 45658. What is k(-12)?
-2122
Let m(f) = -2411*f + 684695. Calculate m(284).
-29
Let i(d) = 30310*d - 30643408. What is i(1011)?
2
Let b(w) = w**3 - 64*w**2 - 205*w + 4820. Give b(66).
2
Let w(a) = -8*a**3 - 20*a**2 + 171*a + 26. Give w(-6).
8
Let p(t) = 4*t**2 + 167*t + 453. What is p(-42)?
495
Let i(h) = -231*h**2 + 79*h - 41. What is i(-3)?
-2357
Let c(a) = 2018*a + 26253. Determine c(-13).
19
Let w(b) = 2*b**2 - 9976*b - 70099. What is w(-7)?
-169
Let s(p) = 22681*p - 158773. Give s(7).
-6
Let p(a) = -261*a + 75216. What is p(288)?
48
Let x(n) = -252*n + 2855. What is x(11)?
83
Let r(q) = -887079*q + 2661237. What is r(3)?
0
Let n(c) = -c**2 - 665*c + 6774. What is n(10)?
24
Let r(p) = 46*p**2 - 711*p - 22. Give r(15).
-337
Let j(p) = -6*p**2 + 131*p + 1285. What is j(-9)?
-380
Let d(m) = m**3 - 41*m**2 - 2543*m - 562. What is d(75)?
-37
Let z(y) = 24314*y + 146650. Determine z(-6).
766
Let y(l) = 148*l**2 - 11690*l - 119. Calculate y(79).
39
Let z(w) = -2*w**3 + 120*w**2 - 105*w + 462. What is z(59)?
1229
Let h(w) = 2865*w - 34331. What is h(12)?
49
Let c(l) = -2*l**2 + 4527*l + 81005. Determine c(-18).
-1129
Let c(x) = -x**3 - 648*x**2 - 3798*x + 34547. Give c(-642).
-121
Let p(k) = -208*k - 37874. What is p(-181)?
-226
Let a(g) = 51004*g + 8313675. Give a(-163).
23
Let f(g) = -7*g**3 - 5*g**2 + 2592*g + 10351. Calculate f(-4).
351
Let n(t) = t**3 - 87*t**2 - 217*t + 11355. What is n(88)?
3
Let l(g) = -18*g**3 - 4*g**2 - 6583*g - 6578. Calculate l(-1).
19
Let d(v) = -v**3 + 40*v**2 + 140*v + 47. Give d(-3).
14
Let x(b) = -33*b**2 - 151*b + 773. Determine x(4).
-359
Let l(g) = -13*g**2 - 3403*g - 38249. Calculate l(-250).
1
Let i(d) = d**3 - 34*d**2 + 176*d + 834. What is i(26)?
2
Let z(u) = -u**3 + 14*u**2 + 104*u - 148. Calculate z(20).
-468
Let m(n) = n**2 - 94*n - 6268. What is m(141)?
359
Let i(k) = 58*k**2 - 10*k - 16. Determine i(-2).
236
Let x(t) = -10298*t + 247170. What is x(24)?
18
Let t(x) = -710*x**2 - 2130*x - 2. What is t(-3)?
-2
Let y(h) = h**2 - 4074*h + 97230. What is y(24)?
30
Let n(i) = 147*i + 2503. What is n(-14)?
445
Let r(q) = 1673*q - 2357. What is r(3)?
2662
Let l(z) = z**3 - 42*z**2 + 148*z - 7. Calculate l(3).
86
Let n(o) = 15820*o - 95357. Determine n(6).
-437
Let s(k) = k**3 + 7*k**2 - 92*k + 45. Determine s(-14).
-39
Let p(k) = k**3 - 48*k**2 - 52*k - 229. Calculate p(49).
-376
Let n(m) = m**3 - 575*m**2 + 2226*m + 32589. Determine n(571).
-529
Let k(m) = -3116*m + 5344. Give k(1).
2228
Let b(q) = -39472*q - 2526204. Calculate b(-64).
4
Let h(s) = 2*s**3 + 51*s**2 - 391*s - 329. Determine h(-32).
-1129
Let p(s) = -s**3 - 118*s**2 - 78*s + 10013. Give p(-10).
-7
Let x(j) = j**2 + 692*j - 211838. Calculate x(230).
222
Let q(w) = -3*w**3 - 41*w**2 + 16*w + 10. Give q(-14).
-18
Let n(x) = -142*x - 7252. Determine n(-54).
416
Let l(r) = -17978*r + 5627118. Give l(313).
4
Let p(y) = 278*y - 14685. What is p(54)?
327
Let t(z) = 3*z**2 + 25757*z - 387032. Determine t(15).
-2
Let n(a) = 4*a**3 + 35*a**2 + 113*a - 11. What is n(-6)?
-293
Let y(j) = -2*j**3 + 125*j**2 - 186*j - 1225. Determine y(61).
-1408
Let i(j) = -j**3 - 22*j**2 - 101*j - 2. Calculate i(-6).
28
Let g(r) = 237*r + 12984. Determine g(-55).
-51
Let u(l) = 10*l**2 - 21*l + 533. Give u(0).
533
Let h(u) = 2522*u - 12915. What is h(5)?
-305
Let a(r) = -101*r**3 - 9692*r**2 + 399*r + 1445. Give a(-96).
5
Let d(m) = -222*m + 10151. Give d(46).
-61
Let t(l) = 2434*l - 148459. What is t(61)?
15
Let s(r) = 10736*r - 85. What is s(0)?
-85
Let n(z) = -5*z**2 - 640*z + 223727. Give n(-285).
2
Let f(b) = 2*b**3 - 97*b**2 + 591*b + 985. What is f(41)?
1
Let y(w) = 14*w**2 + 230546*w - 230555. Calculate y(1).
5
Let q(a) = -4*a**2 + 15*a + 142744. Give q(-187).
63
Let u(w) = 579*w - 46325. Give u(80).
-5
Let r(w) = 83*w**3 - 376*w**2 + 37*w - 6. Calculate r(4).
-562
Let z(t) = -33887*t + 237216. Determine z(7).
7
Let z(j) = -19*j**3 + 1863*j**2 - 108*j + 1045. Give z(98).
65
Let i(u) = -u**2 + 61*u - 532. Calculate i(53).
-108
Let f(k) = k**2 - 2330*k + 643226. What is f(320)?
26
Let w(y) = 5*y**3 + 19*y**2 - 3*y - 18. Give w(-5).
-153
Let m(o) = -2*o**3 + 15*o**2 + 56*o - 629. Determine m(10).
-569
Let o(m) = -2*m**2 + 373*m + 49032. What is o(-89)?
-7
Let n(b) = 14382*b + 301991. Calculate n(-21).
-31
Let o(a) = -200*a - 34052. Determine o(-170).
-52
Let t(u) = 380*u + 3082. What is t(-8)?
42
Let s(y) = -12*y**2 + 185*y - 20. Give s(17).
-343
Let q(z) = z**3 + 99*z**2 + 726*z - 219. Calculate q(-91).
-37
Let c(w) = -174*w + 37787. Determine c(221).
-667
Let o(v) = 8*v**2 + 949*v + 1297. Give o(-117).
-224
Let h(l) = 3075*l + 73726. What is h(-24)?
-74
Let c(n) = -112*n**3 + 559*n**2 + 389*n - 1936. Calculate c(5).
-16
Let k(a) = 98*a**2 - 2264*a + 241. Calculate k(23).
11
Let u(q) = 48*q**2 - 20679*q + 16763. Determine u(430).
-7
Let a(s) = 2*s**3 - 68*s**2 + 507*s - 29. What is a(7)?
874
Let t(v) = 22318*v + 2432626. Determine t(-109).
-36
Let n(x) = -x**3 - 573*x**2 + 2897*x + 145. Give n(5).
180
Let v(l) = 3*l**3 + 5*l**2 - 49*l - 416. Determine v(-7).
-857
Let o(u) = -u**3 + 79*u**2 - 551*u + 3355. Determine o(72).
-29
Let h(x) = -x**2 + 51*x + 8964. Give h(-71).
302
Let q(g) = 319*g + 33783. Calculate q(-109).
-988
Let o(y) = 577*y**2 - 113668*y - 183. Calculate o(197).
14
Let d(p) = -2*p**2 + 396*p + 283. Give d(198).
283
Let q(t) = 6163*t - 591649. What is q(96)?
-1
Let d(h) = -h**3 + 457*h**2 + 4672*h - 932. What is d(467)?
2
Let u(n) = -13940*n - 97641. Give u(-7).
-61
Let a(y) = 91*y + 6807. What is a(-75)?
-18
Let c(i) = 218*i - 2914. What is c(14)?
138
Let g(j) = -1380*j + 12695. Calculate g(9).
275
Let w(f) = -267*f + 75817. What is w(284)?
-11
Let h(l) = 712*l + 8213. Calculate h(-10).
1093
Let i(t) = 62*t**2 - 669*t + 615. What is i(1)?
8
Let h(d) = -82*d + 1002. Give h(12).
18
Let z(v) = -988*v + 487084. Calculate z(493).
0
Let p(j) = 3*j**3 + 631*j**2 - 9186*j - 204. Determine p(-224).
244
Let n(x) = 2*x**2 - 9266*x - 2369742. What is n(-243)?
-6
Let u(p) = -23*p**2 + 2677*p + 12895. Give u(121).
69
Let s(f) = -150*f**2 + 1026*f + 174. Give s(7).
6
Let u(k) = 243*k + 2460. What is u(-12)?
-456
Let m(i) = -1875163*i - 43128743. Determine m(-23).
6
Let r(o) = -2240*o - 29143. Determine r(-13).
-23
Let t(g) = -g**3 - 50*g**2 + 944*g + 47197. 